at are the prime factors of g?
11, 3863
Suppose n = -2*i + 28, 0 = 4*n + 6*i - 5*i - 77. Let h = -14 + n. Suppose -h*w - 27 + 126 = 5*a, 51 = 3*w - 4*a. List the prime factors of w.
3, 7
Let t = -6508 + 11472. Let k = t - 3188. List the prime factors of k.
2, 3, 37
Let f be (30/25 + 0)/(3/(-315)). Let u = 161 + f. What are the prime factors of u?
5, 7
Suppose -4*r + r = -h - 14, 0 = -r - 5*h - 6. Suppose 5*m = r*l - 612, 0 = -3*l + 3*m + m + 459. What are the prime factors of l?
3, 17
Let f be 4*3/(0 + 6). Suppose 3*r = -f*g - 2*r + 43, 5*g - 124 = 4*r. What are the prime factors of 1016/g - 2/6?
2, 3, 7
Let a = -102 - -101. Let s be 7 - 8 - (8*a - 1). Suppose 30 + 778 = s*i. What are the prime factors of i?
101
Suppose 0 = -2*f + f + 152. Suppose 0 = 414*q - 387*q - 2268. Let l = f - q. What are the prime factors of l?
2, 17
Suppose 3*o - 5*q - 31683 = 0, -59*o + 61*o - 4*q - 21120 = 0. What are the prime factors of o?
2, 3, 587
Let z be -1*(-31)/11 - 128/(-704). Suppose 384 = -z*x - 9*x. Let p = 173 - x. What are the prime factors of p?
5, 41
Let b = 1422 - 798. Suppose 0 = -2*p - 0*n + n + 11, 0 = -5*n - 25. What are the prime factors of 2/p - b/(-9)?
2, 5, 7
Suppose 5*l - 160999 = -35959. List the prime factors of l.
2, 3, 521
Let u be -5 - (4/(-10) + 6/15). Let w = 0 - u. Suppose w*k - 674 = 11. What are the prime factors of k?
137
Suppose -211 = 6*q + 89. Let g be ((-5)/q*-8)/((-4)/50). Let k(o) = 17*o + 77. What are the prime factors of k(g)?
13, 19
Suppose 3*d - 2*y - 5753 = 0, -5*y = -3*d - 1074 + 6812. What are the prime factors of d?
17, 113
List the prime factors of 4527/((-9)/30*-10).
3, 503
Suppose 2*r + 90 = 4*t, 17*t - 3*r = 12*t + 115. What are the prime factors of 10332/t - (-12)/30?
11, 47
Let j(s) be the third derivative of -13*s**5/120 + 7*s**4/6 + 17*s**3/6 + 15*s**2. Let q(h) be the first derivative of j(h). List the prime factors of q(-4).
2, 5
List the prime factors of ((-493084)/(-6))/(945/405) - 2/7.
2, 3, 5, 587
Let w(a) = -55*a**3 - 2*a**2 - 16*a - 11. List the prime factors of w(-5).
2, 3, 383
Let a = -37 + -117. Let x = 688 + a. List the prime factors of x.
2, 3, 89
Let g = 20245 - 6526. What are the prime factors of g?
3, 17, 269
Let x = -572 - -585. Let v(u) = 2*u + 0*u + 6*u + 18. List the prime factors of v(x).
2, 61
Let j be 3/(81/(-6)) - (-1844)/36. Suppose -m = -113 - j. What are the prime factors of m?
2, 41
Let f(q) = q**2 + 14*q + 8. Let i be f(-14). Let b(t) = -t**3 + 16*t**2 + 3. List the prime factors of b(i).
5, 103
Let m(r) = 13*r**2 - 6*r - 3. Suppose 40 = 12*f - 2*f. List the prime factors of m(f).
181
Let n = 7545 - -13440. List the prime factors of n.
3, 5, 1399
Suppose 41*b - 107*b + 2449326 = 45*b. List the prime factors of b.
2, 11, 17, 59
Let c be (0/3)/1 + (-195 - 41). Let h = c - -532. What are the prime factors of h?
2, 37
Let o = -11 - -13. Suppose -o*c = 5*h, -c - h = -3*c. Suppose c = 5*j - 52 - 433. What are the prime factors of j?
97
Let r(k) = -k**3 - 17*k**2 - 24*k - 30. Let i(t) = 47 - 28 - t - 6*t. Let c be i(5). List the prime factors of r(c).
2, 7
List the prime factors of 50 + 29057 + 2/(-4)*(1 - 1).
13, 2239
Let w be 53928/132 + (-24)/44. Let j(c) = c**2 + c - 1. Let b be j(2). Suppose 0*i = -b*i + 4*p + 418, -5*i - p = -w. What are the prime factors of i?
2, 41
Let k(z) = 70*z + 1 - 30*z + 1. Let w be k(3). Suppose 5*g - 6*g + w = q, 3*q + 3 = 0. List the prime factors of g.
3, 41
Let l(t) be the first derivative of -23*t**4/4 + t**3/3 + t**2/2 + t - 3. Let k(g) = -5*g - 11. Let z be k(-2). List the prime factors of l(z).
2, 3
Let k = 14128 + -5900. What are the prime factors of k?
2, 11, 17
Suppose 0 = -6*k + k - 65. Let g(w) = -10*w**2 - 55*w + 2. Let n be g(-2). Let u = k + n. What are the prime factors of u?
59
Let c = -158146 - -31810. List the prime factors of c/(-126) + (-2)/3.
2, 3, 167
List the prime factors of (-3708)/(21/((-1365)/26)).
2, 3, 5, 103
Suppose -9*j + 30 = 3. What are the prime factors of j - ((-207)/6 + 1/(-2))?
2, 19
Suppose 0 = 28*v - 954013 - 518283. List the prime factors of v.
2, 61, 431
Let k(w) = -65*w. Let f be k(-1). Suppose -4*x - q = q + 218, -x + 3*q - f = 0. Let l = x + 129. What are the prime factors of l?
73
Let z(v) = -47*v + 201. Let s be z(4). Suppose -s*h + 23035 - 1507 = 0. What are the prime factors of h?
2, 3, 23
Suppose 0 = -j + 3*j + 5*f + 19, -2*j - 14 = 4*f. Suppose 86 - 71 = j*t. Suppose -3*s + 454 = 4*v, -3*s - 415 = -t*v + 139. What are the prime factors of v?
2, 7
Let d(c) = -6*c**2 - 19*c + 14. Let z be d(21). Let p = -1556 - z. What are the prime factors of p?
5, 59
Let v be 72/15 + 2*12/(-30). Suppose 12 = -6*h + 2*h, -4*l - v*h = -1708. List the prime factors of l.
2, 5, 43
Let i be (-2337)/(-4) - 231/(-308). Let n = 1334 - i. List the prime factors of n.
7, 107
Suppose 24 - 7 = m. Suppose 1755 - 9796 = -m*y. List the prime factors of y.
11, 43
Let p(c) = 264*c**3 - c**2 - 4*c + 5. Suppose -s = 211 - 208. Let u(o) = -263*o**3 + o**2 + 4*o - 5. Let b(j) = s*p(j) - 4*u(j). List the prime factors of b(1).
2, 5, 13
Suppose 4*s + v - 72 = 3*v, -4 = v. Suppose 2*z - s = -6. List the prime factors of z/(20/(-38))*-2.
19
Suppose -4*n - 5*s + 130995 = 0, 0 = 63*n - 60*n - 4*s - 98254. List the prime factors of n.
2, 5, 131
Let r(b) = -7*b + 18. Let h be r(3). Let q be 85 + 2 + -6 + h/(-1). Suppose -4*f - 5*u + q = -f, -89 = -4*f + u. What are the prime factors of f?
23
Suppose 0 = -26*r + 129*r - 1611847. List the prime factors of r.
15649
Let c(z) = 637*z**2 + 28*z - 30. List the prime factors of c(-5).
5, 23, 137
Suppose -4*s - 3*i = -2967, -s - i + 566 = -176. Suppose -2*f = s - 885. What are the prime factors of f?
2, 3
Let g(l) be the third derivative of l**6/60 + l**5/12 + l**4/24 + l**3/3 + 17*l**2. Suppose -14 - 28 = -14*o. List the prime factors of g(o).
2, 13
Let b be ((-47)/3)/(4/(-60)). Let k = 342 - b. What are the prime factors of k?
107
Let a(z) = 12*z + 1238. What are the prime factors of a(-41)?
2, 373
What are the prime factors of -6 + 0 + (58163/2 - (-126)/84)?
29077
Let a(t) = 2*t**2 + t - 21. Let q be a(-12). Let l = 916 - q. List the prime factors of l.
661
Suppose 6*c = c + 40. Suppose -c*h = 598 + 26. Let a = h + 165. List the prime factors of a.
3, 29
Suppose -5*v + 0*i + 2*i = 6707, -5*i - 5359 = 4*v. Let c be (-5)/(-10) + (v/(-6) - -3). Let q = c - 93. List the prime factors of q.
2, 67
Let o be 136/2*(-150)/(-6). What are the prime factors of 6/10*4*o/20?
2, 3, 17
Let d(h) = 2*h + 155. Let l = 40 - 40. Let m be d(l). Let j = -89 + m. What are the prime factors of j?
2, 3, 11
Let l = 4995 + 4183. What are the prime factors of l?
2, 13, 353
Let r = -637 - -1096. Suppose -4027 = -8*o - r. What are the prime factors of o?
2, 223
Suppose -518 = 25*a + 232. List the prime factors of (-28)/((a/(-335))/(-3)) - -2.
2, 5, 47
Suppose 49*o - 51*o - k + 49432 = 0, 2*o - 49464 = -5*k. What are the prime factors of o?
2, 3089
Let d be ((-7)/4)/((-1)/(-4)). Let b(r) = r**2 + 64*r - 337. Let f be b(-67). Let s = d - f. What are the prime factors of s?
3, 43
Let z = 11617 - 4224. What are the prime factors of z?
7393
Let l be 5 + -3 + 3/1. Suppose 0 = l*w - u - 1297, -4*u - 267 = 5*w - 6*w. List the prime factors of w.
7, 37
Suppose 6 + 10 = n. Suppose -2*k + n + 0 = 0. List the prime factors of 182/(-6)*(k/4 + -5).
7, 13
Let f = -67 + 108. Suppose -f*a = -37*a - 80. Let x(m) = 2*m**2 - 40*m + 6. List the prime factors of x(a).
2, 3
Let d = -59607 - -95865. What are the prime factors of d?
2, 3, 6043
Let i be 4/(-10) + 2/(20/(-66)). Let b(z) = -2*z**3 + 10*z**2 + 13*z - 17. What are the prime factors of b(i)?
2, 3, 89
Let f be (-1)/((-2955)/(-1478) - 2). Let r = f + -799. What are the prime factors of r?
7, 97
Let p(x) = -x + 8. Let w(d) = -29 - 9*d**2 - 20*d + 5 + 8*d**2. Let i be w(-19). What are the prime factors of p(i)?
13
Let u(t) = 78*t + 297. Let d(r) = 156*r + 597. Let g(v) = 4*d(v) - 7*u(v). What are the prime factors of g(11)?
3, 389
Suppose 2*n = 2, 2*v - 23*n - 131 = -18*n. Suppose 110 = 2*u - q + 3*q, 3*u - 3*q - 177 = 0. Let c = v - u. What are the prime factors of c?
11
Let k(m) be the first derivative of 2*m**3/3 + 17*m**2/2 - 5*m + 17. Let u be k(-8). What are the prime factors of 5/(10/76) - 